{"id":656,"date":"2021-08-05T09:48:18","date_gmt":"2021-08-05T07:48:18","guid":{"rendered":"https:\/\/novae-corpus.fr\/blog\/?page_id=656"},"modified":"2021-08-05T09:56:26","modified_gmt":"2021-08-05T07:56:26","slug":"naturopathie","status":"publish","type":"page","link":"https:\/\/novae-corpus.fr\/blog\/naturopathie\/","title":{"rendered":"Ma vision de la Naturopathie"},"content":{"rendered":"<p><span style=\"font-size: 14pt; color: #008000;\"><strong>C<\/strong><\/span>e blog est d\u00e9di\u00e9 au bien \u00eatre physique et mentale, il compl\u00e8te parfaitement une passion que j&rsquo;aime \u00e0 transmettre : <span style=\"color: #008000;\"><strong><em>la Naturopathie.<\/em><\/strong><\/span><\/p>\n<p><span style=\"font-size: 14pt; color: #008000;\"><strong>D<\/strong><\/span>&lsquo;ailleurs, lorsque j&rsquo;en parle on me demande souvent qu&rsquo;est ce qu&rsquo;un Naturopathe au juste ?<strong><em><img loading=\"lazy\" decoding=\"async\" class=\"wp-image-334 aligncenter\" src=\"https:\/\/novae-corpus.fr\/wp-content\/uploads\/2021\/07\/questionnement-idee-300x211.jpg\" alt=\"\" width=\"175\" height=\"123\" srcset=\"https:\/\/novae-corpus.fr\/wp-content\/uploads\/2021\/07\/questionnement-idee-300x211.jpg 300w, https:\/\/novae-corpus.fr\/wp-content\/uploads\/2021\/07\/questionnement-idee-400x282.jpg 400w, https:\/\/novae-corpus.fr\/wp-content\/uploads\/2021\/07\/questionnement-idee.jpg 476w\" sizes=\"auto, (max-width: 175px) 100vw, 175px\" \/><\/em><\/strong><\/p>\n<p><span style=\"font-size: 14pt; color: #008000;\"><strong>S<\/strong><\/span>elon ma propre vision et je l&rsquo;expliquerais ainsi, <em>un naturopathe va vous permettre de prendre conscience de <\/em><em>ce qui est d\u00e9natur\u00e9 en vous,<img loading=\"lazy\" decoding=\"async\" class=\"wp-image-299 alignnone\" src=\"https:\/\/novae-corpus.fr\/wp-content\/uploads\/2021\/07\/arbre-saison-300x257.jpg\" alt=\"\" width=\"129\" height=\"110\" srcset=\"https:\/\/novae-corpus.fr\/wp-content\/uploads\/2021\/07\/arbre-saison-300x257.jpg 300w, https:\/\/novae-corpus.fr\/wp-content\/uploads\/2021\/07\/arbre-saison-350x300.jpg 350w, https:\/\/novae-corpus.fr\/wp-content\/uploads\/2021\/07\/arbre-saison.jpg 476w\" sizes=\"auto, (max-width: 129px) 100vw, 129px\" \/><\/em><\/p>\n<p><strong><img loading=\"lazy\" decoding=\"async\" class=\"wp-image-320 alignleft\" src=\"https:\/\/novae-corpus.fr\/wp-content\/uploads\/2021\/07\/grout-233x300.jpg\" alt=\"\" width=\"75\" height=\"97\" srcset=\"https:\/\/novae-corpus.fr\/wp-content\/uploads\/2021\/07\/grout-233x300.jpg 233w, https:\/\/novae-corpus.fr\/wp-content\/uploads\/2021\/07\/grout-597x768.jpg 597w, https:\/\/novae-corpus.fr\/wp-content\/uploads\/2021\/07\/grout.jpg 700w\" sizes=\"auto, (max-width: 75px) 100vw, 75px\" \/><span style=\"color: #008000; font-size: 14pt;\">E<\/span><\/strong>n effet, nous ne demandons pas \u00e0 une graine de pousser, <img loading=\"lazy\" decoding=\"async\" class=\"wp-image-247 alignright\" src=\"https:\/\/novae-corpus.fr\/wp-content\/uploads\/2021\/07\/sablier-210x300.jpg\" alt=\"\" width=\"128\" height=\"183\" srcset=\"https:\/\/novae-corpus.fr\/wp-content\/uploads\/2021\/07\/sablier-210x300.jpg 210w, https:\/\/novae-corpus.fr\/wp-content\/uploads\/2021\/07\/sablier.jpg 420w\" sizes=\"auto, (max-width: 128px) 100vw, 128px\" \/>elle pousse naturellement\ud83c\udf31, ni \u00e0 notre c\u0153ur de battre, il bat naturellement \ud83d\udc93, \u2026 cette intelligence qui nous entoure est pr\u00e9sente dans notre corps, elle le fait fonctionner naturellement pour qu\u2019il puisse durer un certain nombre de temps.<\/p>\n<p><strong><img loading=\"lazy\" decoding=\"async\" class=\"wp-image-339 alignleft\" src=\"https:\/\/novae-corpus.fr\/wp-content\/uploads\/2021\/07\/scier-la-branche-sur-laquelle-nous-sommes-assis.jpg\" alt=\"\" width=\"175\" height=\"104\" \/><span style=\"color: #008000; font-size: 14pt;\">C<\/span><\/strong>ependant il arrive que l\u2019on d\u00e9nature notre v\u00e9ritable nature, nous allons tailler nos arbres pour les faire pousser de telles ou telles fa\u00e7ons, tondre notre pelouse pour qu\u2019elle ne d\u00e9passe pas un certain nombre de centim\u00e8tre,\u2026<img loading=\"lazy\" decoding=\"async\" class=\"wp-image-347 aligncenter\" src=\"https:\/\/novae-corpus.fr\/wp-content\/uploads\/2021\/07\/tondre-300x128.jpg\" alt=\"\" width=\"232\" height=\"99\" srcset=\"https:\/\/novae-corpus.fr\/wp-content\/uploads\/2021\/07\/tondre-300x128.jpg 300w, https:\/\/novae-corpus.fr\/wp-content\/uploads\/2021\/07\/tondre.jpg 376w\" sizes=\"auto, (max-width: 232px) 100vw, 232px\" \/><\/p>\n<p><span style=\"color: #008000; font-size: 14pt;\"><strong>H<\/strong><\/span>eureusement pour nous nos fonctions vitales ne d\u00e9pendent pas de notre attention \u00ab \ud83e\udd23\ud83d\ude02 \u00bb\u2026 cependant nous avons trouv\u00e9 une autre fa\u00e7on de nous d\u00e9saccorder, nos prises de t\u00eate, le stress, l\u2019alimentation d\u00e9s\u00e9quilibr\u00e9e et industrielle, nos habitudes de vie (trop active, trop virtuelle, ..), notre sommeil qui se r\u00e9duit, nos<br \/>\ntemps de repos quasi inexistants, notre manque d\u2019activit\u00e9 physique, \u2026<\/p>\n<p><img loading=\"lazy\" decoding=\"async\" class=\"alignnone wp-image-318\" src=\"https:\/\/novae-corpus.fr\/wp-content\/uploads\/2021\/07\/enerver-300x217.jpg\" alt=\"\" width=\"167\" height=\"121\" srcset=\"https:\/\/novae-corpus.fr\/wp-content\/uploads\/2021\/07\/enerver-300x217.jpg 300w, https:\/\/novae-corpus.fr\/wp-content\/uploads\/2021\/07\/enerver-400x290.jpg 400w, https:\/\/novae-corpus.fr\/wp-content\/uploads\/2021\/07\/enerver.jpg 476w\" sizes=\"auto, (max-width: 167px) 100vw, 167px\" \/><img loading=\"lazy\" decoding=\"async\" class=\"alignnone wp-image-326\" src=\"https:\/\/novae-corpus.fr\/wp-content\/uploads\/2021\/07\/mal-bouffe-300x300.jpg\" alt=\"\" width=\"115\" height=\"115\" srcset=\"https:\/\/novae-corpus.fr\/wp-content\/uploads\/2021\/07\/mal-bouffe-300x300.jpg 300w, https:\/\/novae-corpus.fr\/wp-content\/uploads\/2021\/07\/mal-bouffe-150x150.jpg 150w, https:\/\/novae-corpus.fr\/wp-content\/uploads\/2021\/07\/mal-bouffe-301x300.jpg 301w, https:\/\/novae-corpus.fr\/wp-content\/uploads\/2021\/07\/mal-bouffe.jpg 476w\" sizes=\"auto, (max-width: 115px) 100vw, 115px\" \/><img loading=\"lazy\" decoding=\"async\" class=\"alignnone wp-image-313\" src=\"https:\/\/novae-corpus.fr\/wp-content\/uploads\/2021\/07\/cogiter-300x300.jpg\" alt=\"\" width=\"108\" height=\"108\" srcset=\"https:\/\/novae-corpus.fr\/wp-content\/uploads\/2021\/07\/cogiter-300x300.jpg 300w, https:\/\/novae-corpus.fr\/wp-content\/uploads\/2021\/07\/cogiter-150x150.jpg 150w, https:\/\/novae-corpus.fr\/wp-content\/uploads\/2021\/07\/cogiter-301x300.jpg 301w, https:\/\/novae-corpus.fr\/wp-content\/uploads\/2021\/07\/cogiter.jpg 476w\" sizes=\"auto, (max-width: 108px) 100vw, 108px\" \/><img loading=\"lazy\" decoding=\"async\" class=\"alignnone wp-image-350\" src=\"https:\/\/novae-corpus.fr\/wp-content\/uploads\/2021\/07\/usine-300x201.jpg\" alt=\"\" width=\"154\" height=\"103\" srcset=\"https:\/\/novae-corpus.fr\/wp-content\/uploads\/2021\/07\/usine-300x201.jpg 300w, https:\/\/novae-corpus.fr\/wp-content\/uploads\/2021\/07\/usine-400x268.jpg 400w, https:\/\/novae-corpus.fr\/wp-content\/uploads\/2021\/07\/usine.jpg 476w\" sizes=\"auto, (max-width: 154px) 100vw, 154px\" \/><img loading=\"lazy\" decoding=\"async\" class=\"alignnone wp-image-342\" src=\"https:\/\/novae-corpus.fr\/wp-content\/uploads\/2021\/07\/smartphone-enfant-300x149.jpg\" alt=\"\" width=\"226\" height=\"112\" srcset=\"https:\/\/novae-corpus.fr\/wp-content\/uploads\/2021\/07\/smartphone-enfant-300x149.jpg 300w, https:\/\/novae-corpus.fr\/wp-content\/uploads\/2021\/07\/smartphone-enfant-400x198.jpg 400w, https:\/\/novae-corpus.fr\/wp-content\/uploads\/2021\/07\/smartphone-enfant.jpg 476w\" sizes=\"auto, (max-width: 226px) 100vw, 226px\" \/><img loading=\"lazy\" decoding=\"async\" class=\"alignnone wp-image-315\" src=\"https:\/\/novae-corpus.fr\/wp-content\/uploads\/2021\/07\/course-contre-la-montre-300x271.jpg\" alt=\"\" width=\"133\" height=\"120\" srcset=\"https:\/\/novae-corpus.fr\/wp-content\/uploads\/2021\/07\/course-contre-la-montre-300x271.jpg 300w, https:\/\/novae-corpus.fr\/wp-content\/uploads\/2021\/07\/course-contre-la-montre-332x300.jpg 332w, https:\/\/novae-corpus.fr\/wp-content\/uploads\/2021\/07\/course-contre-la-montre.jpg 436w\" sizes=\"auto, (max-width: 133px) 100vw, 133px\" \/><img loading=\"lazy\" decoding=\"async\" class=\"alignnone wp-image-343\" src=\"https:\/\/novae-corpus.fr\/wp-content\/uploads\/2021\/07\/statisme-senraciner-300x282.jpg\" alt=\"\" width=\"125\" height=\"117\" srcset=\"https:\/\/novae-corpus.fr\/wp-content\/uploads\/2021\/07\/statisme-senraciner-300x282.jpg 300w, https:\/\/novae-corpus.fr\/wp-content\/uploads\/2021\/07\/statisme-senraciner-319x300.jpg 319w, https:\/\/novae-corpus.fr\/wp-content\/uploads\/2021\/07\/statisme-senraciner.jpg 476w\" sizes=\"auto, (max-width: 125px) 100vw, 125px\" \/><\/p>\n<p><span style=\"color: #008000; font-size: 14pt;\"><strong>C<\/strong><\/span>\u2019est en cela qu\u2019un naturopathe va de mani\u00e8re bienveillante et suivant l\u2019ouverture et la motivation de la personne pointer certains domaines qui d\u00e9s\u00e9quilibrent notre \u00eatre et qui peuvent aller jusqu&rsquo;\u00e0 provoquer des maux de toutes sortes.<img loading=\"lazy\" decoding=\"async\" class=\"wp-image-298 alignnone\" src=\"https:\/\/novae-corpus.fr\/wp-content\/uploads\/2021\/07\/aller-vers-le-haut-300x201.jpg\" alt=\"\" width=\"130\" height=\"87\" srcset=\"https:\/\/novae-corpus.fr\/wp-content\/uploads\/2021\/07\/aller-vers-le-haut-300x201.jpg 300w, https:\/\/novae-corpus.fr\/wp-content\/uploads\/2021\/07\/aller-vers-le-haut-400x268.jpg 400w, https:\/\/novae-corpus.fr\/wp-content\/uploads\/2021\/07\/aller-vers-le-haut.jpg 476w\" sizes=\"auto, (max-width: 130px) 100vw, 130px\" \/><\/p>\n<p><strong><img loading=\"lazy\" decoding=\"async\" class=\"wp-image-323 alignleft\" src=\"https:\/\/novae-corpus.fr\/wp-content\/uploads\/2021\/07\/idee-groupe.jpg\" alt=\"\" width=\"143\" height=\"143\" srcset=\"https:\/\/novae-corpus.fr\/wp-content\/uploads\/2021\/07\/idee-groupe.jpg 160w, https:\/\/novae-corpus.fr\/wp-content\/uploads\/2021\/07\/idee-groupe-150x150.jpg 150w\" sizes=\"auto, (max-width: 143px) 100vw, 143px\" \/><span style=\"color: #008000; font-size: 14pt;\">I<\/span><\/strong>l y a tr\u00e8s souvent une ou plusieurs solutions \ud83d\udca1, cela va d\u2019un confort de vie jusqu\u2019\u00e0 trouver des outils et des solutions \u00e0 un corps fatigu\u00e9.<\/p>\n<p><img loading=\"lazy\" decoding=\"async\" class=\"size-medium wp-image-336 aligncenter\" src=\"https:\/\/novae-corpus.fr\/wp-content\/uploads\/2021\/07\/route-direction-300x113.jpg\" alt=\"\" width=\"300\" height=\"113\" srcset=\"https:\/\/novae-corpus.fr\/wp-content\/uploads\/2021\/07\/route-direction-300x113.jpg 300w, https:\/\/novae-corpus.fr\/wp-content\/uploads\/2021\/07\/route-direction-1024x384.jpg 1024w, https:\/\/novae-corpus.fr\/wp-content\/uploads\/2021\/07\/route-direction-768x288.jpg 768w, https:\/\/novae-corpus.fr\/wp-content\/uploads\/2021\/07\/route-direction-400x150.jpg 400w, https:\/\/novae-corpus.fr\/wp-content\/uploads\/2021\/07\/route-direction.jpg 1200w\" sizes=\"auto, (max-width: 300px) 100vw, 300px\" \/><\/p>\n<p><span style=\"font-size: 14pt; color: #008000;\"><strong>U<\/strong><\/span>n Naturopathe et pour imager son r\u00f4le\u00a0 sera un tuteur pour la jeune pousse qui a besoin d&rsquo;un appuie ou d&rsquo;\u00eatre orienter pendant un laps de temps , de petites roues pour l&rsquo;enfant qui apprend \u00e0 faire du v\u00e9lo avant de partir \u00e0 l&rsquo;aventure &#8230;<\/p>\n<p><img loading=\"lazy\" decoding=\"async\" class=\"wp-image-388 aligncenter\" src=\"https:\/\/novae-corpus.fr\/wp-content\/uploads\/2021\/01\/petites-roues-velo-300x198.jpg\" alt=\"\" width=\"214\" height=\"141\" srcset=\"https:\/\/novae-corpus.fr\/wp-content\/uploads\/2021\/01\/petites-roues-velo-300x198.jpg 300w, https:\/\/novae-corpus.fr\/wp-content\/uploads\/2021\/01\/petites-roues-velo-400x264.jpg 400w, https:\/\/novae-corpus.fr\/wp-content\/uploads\/2021\/01\/petites-roues-velo.jpg 474w\" sizes=\"auto, (max-width: 214px) 100vw, 214px\" \/><\/p>\n<p><span style=\"color: #008000; font-size: 14pt;\"><strong>F<\/strong><\/span>inalement ce sera une aide ponctuelle jusqu&rsquo;\u00e0 acqu\u00e9rir cette compr\u00e9hension, cette connaissance, ces \u00e9l\u00e9ments pour interagir de mani\u00e8re autonome vers notre pleine sant\u00e9.<\/p>\n<p><span style=\"color: #008000; font-size: 14pt;\"><strong>E<\/strong><\/span>n ce sens, n&rsquo;h\u00e9sitez pas \u00e0 me contacter si vous avez des questions dans ce domaine.<\/p>\n<p><img loading=\"lazy\" decoding=\"async\" class=\"alignnone wp-image-328\" src=\"https:\/\/novae-corpus.fr\/wp-content\/uploads\/2021\/07\/organes-du-corps-humains-300x165.jpg\" alt=\"\" width=\"187\" height=\"103\" srcset=\"https:\/\/novae-corpus.fr\/wp-content\/uploads\/2021\/07\/organes-du-corps-humains-300x165.jpg 300w, https:\/\/novae-corpus.fr\/wp-content\/uploads\/2021\/07\/organes-du-corps-humains.jpg 388w\" sizes=\"auto, (max-width: 187px) 100vw, 187px\" \/><img loading=\"lazy\" decoding=\"async\" class=\"alignnone wp-image-321\" src=\"https:\/\/novae-corpus.fr\/wp-content\/uploads\/2021\/07\/healthy-e1625650687284-300x265.jpg\" alt=\"\" width=\"114\" height=\"101\" srcset=\"https:\/\/novae-corpus.fr\/wp-content\/uploads\/2021\/07\/healthy-e1625650687284-300x265.jpg 300w, https:\/\/novae-corpus.fr\/wp-content\/uploads\/2021\/07\/healthy-e1625650687284-340x300.jpg 340w, https:\/\/novae-corpus.fr\/wp-content\/uploads\/2021\/07\/healthy-e1625650687284.jpg 451w\" sizes=\"auto, (max-width: 114px) 100vw, 114px\" \/><img loading=\"lazy\" decoding=\"async\" class=\"alignnone wp-image-303\" src=\"https:\/\/novae-corpus.fr\/wp-content\/uploads\/2021\/07\/balance-alimentation-2-300x211.jpg\" alt=\"\" width=\"142\" height=\"100\" srcset=\"https:\/\/novae-corpus.fr\/wp-content\/uploads\/2021\/07\/balance-alimentation-2-300x211.jpg 300w, https:\/\/novae-corpus.fr\/wp-content\/uploads\/2021\/07\/balance-alimentation-2-400x282.jpg 400w, https:\/\/novae-corpus.fr\/wp-content\/uploads\/2021\/07\/balance-alimentation-2.jpg 476w\" sizes=\"auto, (max-width: 142px) 100vw, 142px\" \/><img loading=\"lazy\" decoding=\"async\" class=\"alignnone wp-image-352\" src=\"https:\/\/novae-corpus.fr\/wp-content\/uploads\/2021\/07\/zen-2-e1625732760680-300x266.jpg\" alt=\"\" width=\"110\" height=\"98\" srcset=\"https:\/\/novae-corpus.fr\/wp-content\/uploads\/2021\/07\/zen-2-e1625732760680-300x266.jpg 300w, https:\/\/novae-corpus.fr\/wp-content\/uploads\/2021\/07\/zen-2-e1625732760680.jpg 307w\" sizes=\"auto, (max-width: 110px) 100vw, 110px\" \/><\/p>\n<p style=\"text-align: right;\"><span style=\"color: #008000;\"><em><strong>Karen Romani\u00a0\u00a0<\/strong> <\/em><\/span><\/p>\n<p>&nbsp;<\/p>\n","protected":false},"excerpt":{"rendered":"<p>Ce blog est d\u00e9di\u00e9 au bien \u00eatre physique et mentale, il compl\u00e8te parfaitement une passion que j&rsquo;aime \u00e0 transmettre : la Naturopathie. D&lsquo;ailleurs, lorsque j&rsquo;en parle on me demande souvent &hellip; <a class=\"readmore\" href=\"https:\/\/novae-corpus.fr\/blog\/naturopathie\/\">Continue Reading &rarr;<\/a><\/p>\n","protected":false},"author":2,"featured_media":0,"parent":0,"menu_order":0,"comment_status":"closed","ping_status":"closed","template":"","meta":{"footnotes":""},"class_list":["post-656","page","type-page","status-publish","hentry"],"_links":{"self":[{"href":"https:\/\/novae-corpus.fr\/blog\/wp-json\/wp\/v2\/pages\/656","targetHints":{"allow":["GET"]}}],"collection":[{"href":"https:\/\/novae-corpus.fr\/blog\/wp-json\/wp\/v2\/pages"}],"about":[{"href":"https:\/\/novae-corpus.fr\/blog\/wp-json\/wp\/v2\/types\/page"}],"author":[{"embeddable":true,"href":"https:\/\/novae-corpus.fr\/blog\/wp-json\/wp\/v2\/users\/2"}],"replies":[{"embeddable":true,"href":"https:\/\/novae-corpus.fr\/blog\/wp-json\/wp\/v2\/comments?post=656"}],"version-history":[{"count":7,"href":"https:\/\/novae-corpus.fr\/blog\/wp-json\/wp\/v2\/pages\/656\/revisions"}],"predecessor-version":[{"id":664,"href":"https:\/\/novae-corpus.fr\/blog\/wp-json\/wp\/v2\/pages\/656\/revisions\/664"}],"wp:attachment":[{"href":"https:\/\/novae-corpus.fr\/blog\/wp-json\/wp\/v2\/media?parent=656"}],"curies":[{"name":"wp","href":"https:\/\/api.w.org\/{rel}","templated":true}]}}